tors of t(-5).
2, 13
Let r(s) be the third derivative of -s**6/120 - s**5/5 + 13*s**4/24 + s**3/3 - s**2. Let x be r(-13). Suppose x*d + 2 = 44. What are the prime factors of d?
3, 7
Let l be (1 - 1)*1/(-2). Let p be -14*9/(-24) - 1/4. Suppose l = -2*b - 5*g + 22, 0 = -5*b + p*g - 0*g + 125. List the prime factors of b.
3, 7
Suppose -n + 6*n - 25 = 0. Suppose 133 = 3*w + n*s - 554, 3*w - s = 669. Suppose -5*z = -x - 3*x - 289, -w = -4*z - 4*x. List the prime factors of z.
3, 19
What are the prime factors of ((-3)/6)/((-10)/31340*1)?
1567
What are the prime factors of 2/(2 + (-5691)/(-22778)*-8)?
1627
Suppose t - 42 = 42. Let v = -28 + t. What are the prime factors of v?
2, 7
Suppose 0 = -s + 8 - 11. Suppose -4*d + 29 = 3*a + 5, -2*a - d = -16. List the prime factors of (7 + s)*62/a.
31
Suppose 5*l = -4*v, 0*l = 5*v - l. Let g = 1127 - 1097. Suppose -2*z + 7*z - g = v. List the prime factors of z.
2, 3
What are the prime factors of (-174)/(-15)*(14 - 9)?
2, 29
Suppose -m - 98 = -2*z + 2*m, 5*m = -4*z + 240. Suppose -y + 5 = -2*j - j, -5*j - z = -4*y. List the prime factors of y.
2, 5
Let n(y) be the second derivative of -22*y**3/3 - 10*y. What are the prime factors of n(-1)?
2, 11
Suppose 2*z = 5*p + 14, 6*z + 5*p + 7 = 7*z. Suppose -k + 72 = z*k. List the prime factors of k.
3
Let t = 2051 + -1874. List the prime factors of t.
3, 59
Suppose -5*g + 3*o + 33 = -69, -3*g + 62 = -2*o. Suppose -g*v + 584 = -10*v. What are the prime factors of v?
73
Suppose 4*l = -35 - 9. Suppose 0 = 5*x + 3*x - 104. Let v = x + l. What are the prime factors of v?
2
Let p = -57 - 1. Let c = p + 117. What are the prime factors of c?
59
What are the prime factors of (260/195)/((-4)/(-3558))?
2, 593
Suppose 3*d = -3*x + 8*d + 62, 56 = 3*x + d. List the prime factors of x.
19
Let q(r) = 25*r - 11. Let t be q(7). Let y = t + -110. List the prime factors of y.
2, 3
Suppose 0 = 58*d - 56*d - 614. What are the prime factors of d?
307
Let n(o) = o**3 - 3*o**2 - 4*o + 2. Let u be n(4). Suppose 5*j + 5*l = -40, -u*l - 3 = l. List the prime factors of (13/(-2))/(j/42).
3, 13
Suppose -31*t = -12*t - 14136. List the prime factors of t.
2, 3, 31
Let z(f) = -f**3 - 5*f**2 - 3*f + 6. Let x be z(-4). Suppose x*a - 3*a = -23. List the prime factors of a.
23
Let i = -744 + 1313. What are the prime factors of i?
569
Let k be (-4 - 2 - -5)*-2. What are the prime factors of (-3772)/(-36) - k/(-9)?
3, 5, 7
Suppose 3*h = 4*z + 7, -3*z - 3 = -h - 2*z. Suppose 3*g - 6*g + 3*c = -204, 4*c = h*g - 337. What are the prime factors of g?
5, 13
Let r = 172 + 5. What are the prime factors of r?
3, 59
Suppose -2*a + 5*a - 6 = 0. Suppose 12 = k - d + 6*d, d + 2 = a*k. Suppose -3*x = r + x, 3*r + k*x = 40. List the prime factors of r.
2
List the prime factors of (22 + -837)/(2/(-4)).
2, 5, 163
Let z = 4 - -1. Suppose -395 = -z*o - 10. Suppose -34 = -5*j - 9, 0 = -4*t - j + o. List the prime factors of t.
2, 3
Let z = 1177 + -831. What are the prime factors of z?
2, 173
Let h(k) = -4*k - 31. Let a be h(-17). Suppose 2*g + 2*m = 7*m + a, -4*m - 34 = -2*g. List the prime factors of g.
11
Suppose -a - i + 7 = 0, -i = -1 - 3. Suppose q + q = 3*k + 12, 0 = q + a*k + 12. Suppose -3*r - r + 4 = q, r + 7 = 2*v. What are the prime factors of v?
2
Let z = 770 + 2919. List the prime factors of z.
7, 17, 31
Let w(c) = 7*c**3 - c**2 - 43*c - 12. List the prime factors of w(6).
2, 3, 67
Let y(q) = 382*q - 44. List the prime factors of y(3).
2, 19, 29
Let o = -31 - -61. Suppose -t - 40 = -2*v + o, v = 5*t + 53. List the prime factors of v.
3, 11
Suppose -2*b + 256 = -y, 221 + 44 = -y + 5*b. Let r = y + 418. Suppose 3*k = -k + r. What are the prime factors of k?
2, 3, 7
Let d = 7956 + -4592. List the prime factors of d.
2, 29
Let b be 2/4 + (-81)/(-18). Suppose 69 + 46 = 5*d - 4*n, b*d + 3*n - 80 = 0. Let f = 60 - d. What are the prime factors of f?
41
Suppose 11 - 35 = 2*x - 3*i, 2*x + 22 = 2*i. Let j be 2/(-3) + (-51)/x. Suppose 4*o - 73 = j*y, -82 = -5*o - 3*y - 0*y. List the prime factors of o.
17
Suppose 0 = 3*x + 6*x - 2457. List the prime factors of x.
3, 7, 13
Let m = 48 + -68. Let w = 118 + m. List the prime factors of w.
2, 7
Suppose 0 = -10*y - 331 + 1291. Suppose 2*a = 3*m + 25 + y, 2*m = -a + 43. List the prime factors of a.
53
Let u(t) = t**3 - 10*t**2 + 2*t. Let h be u(10). What are the prime factors of (-1162)/(-10) - (4/h - 0)?
2, 29
Let o(h) be the second derivative of 1/3*h**4 + 8*h - 3/2*h**2 - 1/20*h**5 + 0 + 1/2*h**3. What are the prime factors of o(-3)?
3, 17
Let v be -2 + 0 - (-7 + 1). Let n be 7 + -2 + -1 - v. Suppose n*l - 5*l = -85. List the prime factors of l.
17
Let m = -5 - -7. Suppose -32 = -m*s - 2. Suppose 3*i - 3*l - s = 0, 0 = i - 2*i + 2*l. What are the prime factors of i?
2, 5
Suppose 2 = 4*k - 18. Suppose -y = -k + 15. List the prime factors of 10/(-25) - 404/y.
2, 5
Let q = -64 - -65. List the prime factors of q/(-2) + (-2611)/(-14).
2, 3, 31
Let w(t) = 3 - t + 13 - t. Let j be w(8). Suppose 3*r - 6*r + 150 = j. List the prime factors of r.
2, 5
List the prime factors of (1370/2)/((6/(-2))/(-3)).
5, 137
Let y be 25/3 - (-3)/((-27)/(-6)). List the prime factors of (-1)/4 + y + 4739/28.
2, 89
Suppose -5*c = 4*c - 3735. List the prime factors of c.
5, 83
Suppose -w + 2*l + 11 = -2*w, l = -w - 6. Let h(a) = 2*a**2. Let b be h(w). Suppose 0 = 3*m - 1 + 4, -o + 17 = b*m. List the prime factors of o.
19
Let x(d) = 118*d**2 + 2*d + 3. Let r be x(-1). Let v = -72 + r. What are the prime factors of v?
47
Let r be (-22)/10 + 2/10. Let k = r - 2. Let c(u) = u**3 + 3*u**2 - 7*u - 6. List the prime factors of c(k).
2, 3
Let y be 746/14 + 20/(-70). Suppose 0 = o + 5*h - 66, 0 = -o - h - 7 + y. List the prime factors of o.
41
Let q(b) = -3*b - 2. Let n(x) = -x**2 + 8*x - 2. Let k be n(7). Suppose -k*v - l = -4*v + 10, 0 = -3*v - l - 20. What are the prime factors of q(v)?
13
Let a(p) be the second derivative of -p**5/24 + p**4/12 - p**3/3 + 4*p. Let x(j) be the second derivative of a(j). What are the prime factors of x(-9)?
47
Suppose -42 = x - 4*x. Let v = -5 + x. Suppose -3*i + 96 = -v. List the prime factors of i.
5, 7
Suppose 2*s = 4*s + 3*f - 4, -3*f = s + 4. Let c(b) = b**3 - 7*b**2 - 6*b + 6. What are the prime factors of c(s)?
2, 11
Let j = 621 - 367. What are the prime factors of j?
2, 127
Let t(d) = -708*d - 361. List the prime factors of t(-8).
5303
Let m(l) = 40*l**2 - 3*l - 3. Let u be m(-1). Suppose -u = -11*g + g. What are the prime factors of g?
2
Let y(n) = -n - 3. Let r be y(-7). Suppose -r*t + 0 = -8. Let f(k) = k**3. What are the prime factors of f(t)?
2
Suppose -2*d + p = -5*d - 1, 5 = -5*p. Suppose t - 7 + 3 = d. What are the prime factors of t?
2
Suppose 5*r + 4 = 9. Let y(v) = 4*v - 2*v - 3*v + 1 + 19*v**2. What are the prime factors of y(r)?
19
Suppose 328*h = 322*h + 252. List the prime factors of h.
2, 3, 7
Let m = 1182 - 19. What are the prime factors of m?
1163
Suppose 4*q + 1358 = 2*c, -2*c + 19*q = 14*q - 1358. List the prime factors of c.
7, 97
Let m(f) = 2*f**2 - 13*f + 6. Let b be m(8). Let o = 9 + 7. Let w = b - o. What are the prime factors of w?
2, 7
Let w(r) = -r**3 - 2*r**2 + r - 3. Let b be w(-3). Suppose -7*h + 9 = 3*s - b*h, 0 = -3*s - 3*h + 12. Let l = 4 + s. What are the prime factors of l?
11
Let f = -1006 - -1027. Suppose 29 = 5*j + c, j - 2 = 3*c + 7. List the prime factors of 116/j + 14/f.
2, 5
Let f be 6/(-12) + (-1454)/4. Let u be f/6 - 10/(-15). Let y = -23 - u. What are the prime factors of y?
37
Let k = -170 + 279. List the prime factors of k.
109
Suppose 0*j + 20 = j. Suppose 0 = -j*n + 16*n. Suppose 3*f - 171 = -n*f. List the prime factors of f.
3, 19
List the prime factors of (5/2 - 1)/(14/644).
3, 23
Suppose 0 = 25*j - 37*j + 31284. List the prime factors of j.
3, 11, 79
Let u(g) = g**2 - 29*g + 100. List the prime factors of u(44).
2, 5, 19
What are the prime factors of (10/(-40))/(4/(-26512))?
1657
Suppose -5*d = 5*n - 235, d + 4*n = 5*n + 57. Let r = d - 137. List the prime factors of 1/(-4) + r/(-4).
3, 7
Let r = -590 + 2507. What are the prime factors of r?
3, 71
Let t(k) = -k**2 + 6*k + 2. Let a be t(6). Suppose a*g = 4*s + 32, g - 11 = -0*g + s. Suppose g*u - 3*u - 81 = 0. List the prime factors of u.
3
Let m = -94 - -206. Suppo